t of h(-7)?
1
Let u(l) = -l**2 + 26*l + 3476. Let a be u(0). Let k = a - 2002. What is the tens digit of k?
7
Let z(x) = -35*x**3 - 2*x**2 - x + 23. What is the thousands digit of z(-6)?
7
Suppose 7*n + 63 = 14. Let c(l) = l**2 + 5*l - 5. Let h be c(n). Suppose h*q = 6*q + 243. What is the units digit of q?
1
Suppose 2*p = -5*n + 42371, -27*p - 42386 = -29*p - 2*n. What is the ten thousands digit of p?
2
Suppose -3*k = 4*u + k - 144, 3*u - 4*k = 94. Suppose 38*p = u*p + 60. What is the units digit of p?
5
Let a be 2 - (2/5 + 27/45). Let h be (a + -1 - -2) + (-189)/(-3). Let g = h - 17. What is the units digit of g?
8
Let v(u) = u**3 - 9*u**2 + 8*u + 2. Let o = 5 + 3. Let b be v(o). Suppose -6*i + b*i = -40. What is the tens digit of i?
1
Suppose 0 = 7*m - 2*m - 5765. Let r = -187 + m. Suppose -1230 = -12*w + r. What is the hundreds digit of w?
1
Let o(w) = -w**2 - 8*w + 15. Let i(d) = 2*d - 6. Let s be i(-9). Let a = s - -19. What is the units digit of o(a)?
0
Let z(r) = -161*r + 211. What is the units digit of z(-62)?
3
Let k = 2435 - 1374. What is the units digit of k?
1
Let t be (-1 - -6)*8/10. Let m(q) be the second derivative of 25*q**3/6 - q**2/2 + 60*q + 1. What is the tens digit of m(t)?
9
Let t be (5/15 + 87/9)*-6. Let h = 68 + t. Suppose 0*g = -h*g + 848. What is the tens digit of g?
0
Suppose -32 = 2*p + 2. Let t = p - -19. What is the units digit of 0 + (-10)/t - -149?
4
Suppose -5*u = 3*c - 111179, 35*u - 4*c + 66703 = 38*u. What is the hundreds digit of u?
2
Suppose -m + 22690 = b, -b + 952*m + 22665 = 948*m. What is the hundreds digit of b?
6
Let q(u) be the second derivative of -35*u**3/6 + 39*u**2/2 - 3*u - 26. What is the units digit of q(-6)?
9
Let d(x) be the second derivative of 13*x**6/720 + 5*x**5/12 + 3*x**4/2 + 35*x. Let j(t) be the third derivative of d(t). What is the tens digit of j(14)?
3
Let f(v) = v**3 + v**2 - v - 2. Let r be f(3). Suppose 15*x + 1 = r. Suppose -3*d + 149 = -4*w, -x*d + 5*w + 96 = 3*w. What is the units digit of d?
3
Let o = 92 + -677. Let q be (-17)/(-2295)*-15 - 22872/(-27). Let r = o + q. What is the hundreds digit of r?
2
Let i(h) be the second derivative of -7*h**3/2 - 9*h**2/2 - 9*h - 11. Let b = -7 + 4. What is the tens digit of i(b)?
5
Suppose -8*l = -l - 39774. Suppose -13*r = -7266 - l. What is the hundreds digit of r?
9
Suppose -468 = -4*s + c, -3*c + 57 = s - 73. What is the units digit of s?
8
Suppose -2*o - 610*f + 13977 = -609*f, 0 = o - 5*f - 7005. What is the hundreds digit of o?
9
Let d(v) = 897*v + 2187. What is the units digit of d(25)?
2
Suppose -2*u = -5*u + 15. Suppose 0 = -3*l - 2*a - 240 + 709, -787 = -u*l - 2*a. Suppose l = 4*n - 321. What is the tens digit of n?
2
Let d = 45 + -42. Suppose -d*s - 25 = -172. Let g = s + -30. What is the units digit of g?
9
Let x = 4547 + 3749. What is the hundreds digit of x?
2
Let w(r) = 43*r**2 - 13*r + 44. Let o be w(4). Let q = 1450 - o. What is the hundreds digit of q?
7
Let u be (-4*(-13495)/40)/(1/126). What is the hundreds digit of (u/(-91))/(-3) - 4/(-26)?
6
Suppose -649*l + 1664 = -647*l. Let t = l - 491. What is the units digit of t?
1
Let h(r) = 1073*r + 20. What is the units digit of h(1)?
3
Let u = 34962 - 11591. What is the hundreds digit of u?
3
Suppose -4944 = -2*r - 108. Suppose -r - 4251 = -13*q. What is the units digit of q?
3
Suppose -24 - 36 = 5*h. Let d(j) = j**3 + 17*j**2 + 27*j - 16. What is the tens digit of d(h)?
8
Let i(h) be the first derivative of h**6/360 - h**5/20 - 7*h**4/24 + 12*h**3 + 19. Let k(d) be the third derivative of i(d). What is the units digit of k(-13)?
0
Let d(o) be the second derivative of o**4/12 - 7*o**3/6 + 8*o**2 + 7*o. Let i be d(12). What is the units digit of i/8*2/1?
9
What is the hundreds digit of (((4 - -80)/(-7))/2)/((-3)/3988)?
9
Suppose 5*x = -n + 8 + 6, 2*n = -x + 1. Suppose -x*c + 4*j = -j - 1009, -338 = -c + 2*j. Suppose -3*w - w + c = 0. What is the units digit of w?
2
Suppose -36*h + 46759 = -13*h. What is the units digit of h?
3
Let r = 4255 - -747. What is the units digit of r?
2
Suppose -o + 1258*s - 1257*s + 26891 = 0, 53762 = 2*o + 2*s. What is the units digit of o?
6
Let q be 3 + 38 - (-11 - -5). Let s(y) = 4*y**3 + 2*y**2 - y. Let x be s(1). Suppose q = 3*f - 4*a, -x*f - 3*a + 113 = -a. What is the tens digit of f?
2
Suppose -27*d = 3*d + 7*d - 1271949. What is the ten thousands digit of d?
3
Suppose 27*d = 44*d - 5491. Let c = 306 + d. What is the tens digit of c?
2
Let d = -24 + 11. Let x = d - -17. Suppose -s + x*j = -64, s + 5*j - 24 = 31. What is the tens digit of s?
6
Let k = -166 + 169. What is the units digit of (-6)/99*k + (-34512)/(-88)?
2
Let h(w) = 52*w + 133. Let k be h(25). Let l = k + -818. What is the tens digit of l?
1
Suppose -8774 = -m - 3*h, -6*h + 2*h - 35128 = -4*m. What is the units digit of m?
0
Let q be 2/(-6)*1*129. Let z(o) = -15*o - 174. Let i be z(-17). Let r = q + i. What is the units digit of r?
8
Let p(l) = 5*l**2 + 3*l - 2. Let m be p(2). Let n be (-3)/m*0 + -627 + -1. Let d = 915 + n. What is the units digit of d?
7
What is the ten thousands digit of (-7 - (7 + (-174892)/(-16)))/((-1)/4)?
4
Suppose 0 = -n - 5*m + 3, 5*n + 4*m = -6. Let z be (3 + -3 - -94)/n. Let t = z + 174. What is the tens digit of t?
2
Let h(x) = 10*x**2 + 3*x + 1. Let p(r) = -10*r**2 - 3*r - 1. Let g(i) = 5*h(i) + 4*p(i). Let b be g(-1). What is the units digit of 2*(3 + 52/b)?
9
What is the units digit of ((-134690)/55)/(((-84)/132)/7)?
8
Let p be 0/(42/(54/9)). Suppose 1251 = z + 4*s, 3*s = -p + 3. What is the hundreds digit of z?
2
Suppose -1208 - 700 = 9*v. Let d = v - -713. What is the tens digit of d?
0
Let n(m) = -m**2 - 21*m - 4. Let z be n(-21). What is the units digit of 600*z*1/(-4)?
0
Let u = 114014 - 60923. What is the units digit of u?
1
Let b = -54 + 101. Let w = 24558 - 24370. Let l = w + b. What is the tens digit of l?
3
Suppose 18*l = -x + 22*l + 66848, 3*x - 200516 = 5*l. What is the hundreds digit of x?
8
Let b(y) = y**3 + 10*y**2 + 8*y - 11. Let h be b(-9). What is the units digit of (2 - 132*4)*h/4?
3
What is the tens digit of (32/256)/(6/32)*2*4119?
9
Suppose 5*o - 47458 = -3*f, -2*f = 3*o + o - 37966. Let l = -3605 + o. What is the tens digit of (-1)/7 - l/(-42)?
4
Let j = -518 + 623. Suppose j = -x + 1386. What is the tens digit of x?
8
Suppose -2*u - 6 = 0, -3*u = 3*q + u - 41703. Let p be (q/9)/(18/8 - 2). What is the tens digit of ((-2)/(-4) + -2)/((-45)/p)?
0
Suppose 0 = -472*a + 444*a + 135968. What is the hundreds digit of a?
8
Let p(v) = -3*v**2 - 52*v - 7. Let y(d) = -d**2 - 26*d - 4. Let s(u) = -4*p(u) + 7*y(u). Suppose -6*f - 8 - 46 = 0. What is the units digit of s(f)?
1
Suppose -28 - 49 = -7*f. Suppose -2*c = -4*o - 560, f*c - 7*c - 1098 = -3*o. What is the hundreds digit of c?
2
Let a = -20361 + 41645. What is the units digit of a?
4
Let r(p) = 7*p + 3 + 6*p**2 + 0 + 1. Let x(z) = -2*z**3 - 68*z**2 + 62*z - 284. Let v be x(-35). What is the units digit of r(v)?
2
Let n(m) = 12*m**3 + 5*m**2 - 14*m**3 + 6 + 8*m**3 - 2*m**2 - 12*m. What is the hundreds digit of n(4)?
3
Suppose x = 4*p - 2255 + 188, 0 = -3*p + 5*x + 1563. Suppose -m + p = 4*s + 134, -s + 1528 = 4*m. What is the tens digit of m?
8
Suppose 906106 = 108*z - 648662. What is the units digit of z?
6
Suppose 0 = 109*r - 87*r - 85360. What is the thousands digit of r?
3
Let r(j) = j**3 + 11*j**2 + 9*j - 34. What is the hundreds digit of r(18)?
5
Let t be (-5522)/(-3) + 2 + (-4)/6. Suppose -t = 115*v - 118*v. What is the hundreds digit of v?
6
Let s(w) = 595*w**2 - 31*w + 81. What is the hundreds digit of s(9)?
9
Let x(p) = -11980*p + 1634. What is the tens digit of x(-2)?
9
Suppose 62*m - 532*m = -26799400. What is the hundreds digit of m?
0
Suppose 24310*m = 24302*m + 332688. What is the thousands digit of m?
1
Suppose 5*l + 615 = -2*n, 0 = 2*l + 3*n - 5*n + 246. Suppose 16*s + 748 = -324. Let v = s - l. What is the units digit of v?
6
Suppose -299*t + 3135 = -302*t. Let d = -574 - t. What is the hundreds digit of d?
4
Let w(p) be the third derivative of -p**6/40 - p**5/10 - p**4/24 + 7*p**3/3 - 121*p**2. What is the tens digit of w(-6)?
5
Suppose 20*y - 34 = 3*y. Suppose -5*w - y*g = -1253 - 648, 0 = -3*w + 2*g + 1147. What is the units digit of w?
1
Let y = 39